y 93.
90
What is the remainder when 19392 is divided by 98?
86
Calculate the remainder when 375 is divided by 47.
46
What is the remainder when 744 is divided by 5?
4
Calculate the remainder when 568 is divided by 15.
13
What is the remainder when 26 is divided by 6?
2
Calculate the remainder when 92 is divided by 33.
26
What is the remainder when 1967 is divided by 12?
11
What is the remainder when 568 is divided by 72?
64
What is the remainder when 7708 is divided by 481?
12
Calculate the remainder when 103 is divided by 18.
13
What is the remainder when 2221 is divided by 39?
37
Calculate the remainder when 83 is divided by 51.
32
What is the remainder when 447 is divided by 10?
7
Calculate the remainder when 2331 is divided by 32.
27
What is the remainder when 16336 is divided by 31?
30
Calculate the remainder when 4836 is divided by 41.
39
Calculate the remainder when 83 is divided by 10.
3
Calculate the remainder when 212 is divided by 54.
50
What is the remainder when 6364 is divided by 6?
4
Calculate the remainder when 283 is divided by 22.
19
What is the remainder when 112 is divided by 57?
55
Calculate the remainder when 1662 is divided by 118.
10
Calculate the remainder when 126 is divided by 64.
62
Calculate the remainder when 212 is divided by 54.
50
Calculate the remainder when 1154 is divided by 55.
54
Calculate the remainder when 3577 is divided by 72.
49
What is the remainder when 462 is divided by 47?
39
Calculate the remainder when 399 is divided by 120.
39
What is the remainder when 2525 is divided by 8?
5
What is the remainder when 694 is divided by 168?
22
What is the remainder when 1411 is divided by 100?
11
Calculate the remainder when 1568 is divided by 254.
44
What is the remainder when 325 is divided by 162?
1
What is the remainder when 630 is divided by 40?
30
What is the remainder when 1889 is divided by 35?
34
What is the remainder when 3346 is divided by 12?
10
Calculate the remainder when 1084 is divided by 68.
64
What is the remainder when 603 is divided by 102?
93
What is the remainder when 21116 is divided by 16?
12
Calculate the remainder when 2861 is divided by 18.
17
What is the remainder when 35 is divided by 9?
8
Calculate the remainder when 745 is divided by 180.
25
Calculate the remainder when 3702 is divided by 218.
214
Calculate the remainder when 934 is divided by 26.
24
Calculate the remainder when 1196 is divided by 108.
8
What is the remainder when 1037 is divided by 39?
23
What is the remainder when 374 is divided by 38?
32
Calculate the remainder when 251 is divided by 64.
59
Calculate the remainder when 189 is divided by 30.
9
What is the remainder when 8582 is divided by 159?
155
What is the remainder when 374 is divided by 9?
5
What is the remainder when 438 is divided by 21?
18
Calculate the remainder when 131 is divided by 27.
23
Calculate the remainder when 23 is divided by 10.
3
Calculate the remainder when 203 is divided by 74.
55
Calculate the remainder when 550 is divided by 182.
4
What is the remainder when 167 is divided by 37?
19
What is the remainder when 1878 is divided by 189?
177
What is the remainder when 32432 is divided by 159?
155
Calculate the remainder when 2132 is divided by 119.
109
What is the remainder when 11155 is divided by 90?
85
Calculate the remainder when 10204 is divided by 162.
160
Calculate the remainder when 543 is divided by 32.
31
Calculate the remainder when 12 is divided by 1.
0
Calculate the remainder when 2173 is divided by 24.
13
What is the remainder when 537 is divided by 12?
9
What is the remainder when 3845 is divided by 18?
11
What is the remainder when 9111 is divided by 212?
207
What is the remainder when 262 is divided by 24?
22
Calculate the remainder when 4558 is divided by 2.
0
Calculate the remainder when 2191 is divided by 137.
136
Calculate the remainder when 64 is divided by 31.
2
What is the remainder when 493 is divided by 34?
17
Calculate the remainder when 664 is divided by 12.
4
Calculate the remainder when 97 is divided by 26.
19
What is the remainder when 2830 is divided by 97?
17
What is the remainder when 1134 is divided by 197?
149
Calculate the remainder when 87 is divided by 18.
15
What is the remainder when 183 is divided by 68?
47
Calculate the remainder when 209 is divided by 15.
14
Calculate the remainder when 75 is divided by 20.
15
Calculate the remainder when 45 is divided by 36.
9
What is the remainder when 264 is divided by 83?
15
What is the remainder when 1053 is divided by 32?
29
Calculate the remainder when 210 is divided by 31.
24
Calculate the remainder when 1110 is divided by 101.
100
What is the remainder when 150 is divided by 134?
16
Calculate the remainder when 30 is divided by 11.
8
Calculate the remainder when 114 is divided by 58.
56
What is the remainder when 207 is divided by 112?
95
What is the remainder when 1503 is divided by 35?
33
Calculate the remainder when 1573 is divided by 144.
133
What is the remainder when 1931 is divided by 45?
41
What is the remainder when 13462 is divided by 204?
202
Calculate the remainder when 455 is divided by 12.
11
Calculate the remainder when 30884 is divided by 264.
260
Calculate the remainder when 843 is divided by 206.
19
What is the remainder when 19089 is divided by 37?
34
Calculate the remainder when 8348 is divided by 144.
140
What is the remainder when 8099 is divided by 21?
14
What is the remainder when 782 is divided by 213?
143
Calculate the remainder when 895 is divided by 13.
11
What is the remainder when 8649 is divided by 103?
100
Calculate the remainder when 266 is divided by 89.
88
Calculate the remainder when 106 is divided by 59.
47
What is the remainder when 701 is divided by 22?
19
What is the remainder when 66 is divided by 30?
6
Calculate the remainder when 4317 is divided by 309.
300
Calculate the remainder when 95 is divided by 20.
15
What is the remainder when 1750 is divided by 8?
6
Calculate the remainder when 668 is divided by 61.
58
What is the remainder when 171 is divided by 66?
39
Calculate the remainder when 79 is divided by 72.
7
Calculate the remainder when 1362 is divided by 62.
60
Calculate the remainder when 170 is divided by 47.
29
Calculate the remainder when 736 is divided by 125.
111
Calculate the remainder when 73 is divided by 57.
16
What is the remainder when 251 is divided by 64?
59
Calculate the remainder when 2544 is divided by 25.
19
Calculate the remainder when 1708 is divided by 30.
28
What is the remainder when 5943 is divided by 50?
43
What is the remainder when 139 is divided by 117?
22
Calculate the remainder when 317 is divided by 11.
9
What is the remainder when 1431 is divided by 711?
9
What is the remainder when 335 is divided by 57?
50
Calculate the remainder when 5320 is divided by 242.
238
Calculate the remainder when 73 is divided by 21.
10
Calculate the remainder when 55 is divided by 10.
5
Calculate the remainder when 186 is divided by 30.
6
What is the remainder when 449 is divided by 15?
14
Calculate the remainder when 478 is divided by 22.
16
Calculate the remainder when 396 is divided by 380.
16
What is the remainder when 681 is divided by 43?
36
Calculate the remainder when 292 is divided by 11.
6
Calculate the remainder when 1677 is divided by 4.
1
Calculate the remainder when 276 is divided by 111.
54
What is the remainder when 6581 is divided by 183?
176
Calculate the remainder when 446 is divided by 444.
2
Calculate the remainder when 481 is divided by 114.
25
Calculate the remainder when 152 is divided by 26.
22
Calculate the remainder when 7 is divided by 3.
1
What is the remainder when 889 is divided by 89?
88
What is the remainder when 104 is divided by 43?
18
What is the remainder when 420 is divided by 106?
102
What is the remainder when 219 is divided by 107?
5
What is the remainder when 635 is divided by 115?
60
What is the remainder when 203 is divided by 17?
16
What is the remainder when 504 is divided by 177?
150
What is the remainder when 389 is divided by 22?
15
Calculate the remainder when 120 is divided by 43.
34
Calculate the remainder when 709 is divided by 178.
175
Calculate the remainder when 354 is divided by 65.
29
What is the remainder when 75 is divided by 70?
